
Let n(x) = -x**2. Suppose -3*h + 2 + 1 = 0. Let f(t) = 2*t**2 + 2*t - 4. Let k(s) = h*f(s) + 3*n(s). Suppose 0 = -3*m + m + 6. Give k(m).
-7
Let m = 11 - 6. Suppose 2*c = 6 - 0. Let j(k) = -2 + 5*k**2 + c + 0 - 2*k + 5 - k**3. What is j(m)?
-4
Let k = 4 + 0. Let a(z) = 4*z**2 - 3*z - 1. Suppose 3*c + 1 = -2. Let j(g) = g**2 - g - 1. Let y(x) = c*a(x) + 5*j(x). Calculate y(k).
4
Let d(b) be the first derivative of -4*b**3/3 + b + 4. What is d(1)?
-3
Let c = -5 + 9. Let t(o) = -1 + 2 + o + c*o - o**2. Calculate t(6).
-5
Suppose -4*v - 4*x = -7*v + 19, v - 4*x = 9. Suppose 20 = v*u - u. Let y(q) = -q**3 + 6*q**2 - 7*q + 5. Determine y(u).
-5
Suppose 0 + 2 = 2*l. Let w(g) be the first derivative of g**5/24 + g**3 + 2. Let o(x) be the third derivative of w(x). What is o(l)?
5
Let g(w) be the second derivative of -w**3/6 - w**2 - 16*w. Determine g(6).
-8
Let i(m) = -m. Suppose 7*u + 18 = 5*u. Let b be (15/u - -2)*15. What is i(b)?
-5
Let f(j) = -j - 5. Suppose 5*m - 12 = 3. Suppose -m*o + 0*r - 2*r = -6, -5*r = -15. What is f(o)?
-5
Let v(u) = u**3 + 8*u**2 + 7*u + 9. Suppose 6*m - 3*m = -21. Determine v(m).
9
Let r(p) = p**2 - 4*p - 2. Let l be r(5). Let i = 1 + -1. Let u(t) = -5*t + 4 + t**2 + 0*t + i*t**2. What is u(l)?
-2
Let f(y) = y**3 - 3 + y**2 + 0 + y + 3 + 6. What is f(0)?
6
Suppose -c + 3*h - 4*h = -5, -5*c - 10 = -2*h. Let w(r) be the third derivative of 1/8*r**4 + 0*r - 2/3*r**3 - r**2 + c. What is w(4)?
8
Let p(c) = -10*c**2 - 34*c - 23. Let v(t) = 3*t**2 + 11*t + 8. Let z(w) = 2*p(w) + 7*v(w). Let s be z(-8). Let d(b) = 0*b + 5 + b**s - 6 + b. Give d(1).
1
Let r(g) = -g**3 - 7*g**2 - 5*g + 8. Let m be r(-6). Let s(a) = 0*a - a + 1 - a**2 + m*a. Let k(f) = -3*f**3 - f**2. Let v be k(-1). Determine s(v).
-1
Let m(v) = -4*v - 1. Let a(i) = -8*i - 2. Let d(l) = 2*a(l) - 5*m(l). Determine d(-1).
-3
Let c(w) = w**2 - 6*w + 2. Let k be 6 - ((-4)/16 + (-1)/(-4)). Calculate c(k).
2
Let u(s) = -s + 4. Let y be (-62)/(-14) - (-36)/63. Determine u(y).
-1
Let j(p) = -p**3 - 6*p**2 - p - 7. Let m be j(-6). Let c = m - -3. Let a(d) = 2*d**2 + d - 2. Give a(c).
8
Let o be ((-1)/(15/6))/((-3)/15). Let w = 2 + 2. Let t(l) = 2*l**2 + l - l**2 - w*l**2. Determine t(o).
-10
Let k(m) = m + 0*m - 8 + 0*m - m**2. Suppose 5*r - 2*r + 5*r = 0. Determine k(r).
-8
Suppose -o - m = 3*m + 14, 3*m = 2*o - 27. Let v(b) = 7*b + o - 4*b - 2 - 1. What is v(-3)?
-6
Let p(h) = h**3 - 3*h**2 - 4*h + 2. Suppose -5*v - 3*c = -28, -3*c = -5*v + c + 21. Suppose -4*s + 24 = -0*a - 2*a, 20 = -v*a. Give p(s).
2
Suppose -29*w + 38*w = -27. Let h(k) = 1 + k**2 - 1 + k. Calculate h(w).
6
Let m(d) = -d**3 - 3*d - 6. Let l(n) = n**3 + n**2 + 2*n + 5. Let h(a) = -3*l(a) - 2*m(a). Suppose -5*t - 18 = z, 2 = t - 2*z - 1. Determine h(t).
-3
Let p(k) = 2*k - 1. Let n(i) = -2*i**3 - i - 8*i - 4 + 1 - 9*i**2 + i**3. Let d be n(-8). Determine p(d).
9
Let r(x) = x**2 - 6*x + 6. Suppose 0 = 3*p + 5*h - 21, -2*p = 3*p - h - 63. Let n be (-25)/(-9) + 2/9. Let b be 45/12 + n/p. Calculate r(b).
-2
Suppose -15*i = -18*i. Let p(u) = -u - 6. Calculate p(i).
-6
Let b = -3 - -2. Let h(u) = 3*u**2 - 4*u - 3. Let c(p) = p**2 + p + 1. Let l(o) = 3*c(o) + h(o). Give l(b).
7
Let x(m) = -m**3 + 5*m**2 + m - 2. Suppose 40 = -2*o + 10*o. Determine x(o).
3
Let a(c) = -2*c**3 - 2*c + 1. Let u = -11 - -12. Give a(u).
-3
Let c(q) = q**3 - 3*q**2 - 2*q + 4. Let d be (-3 - -9)*(-1)/(-2)*1. Calculate c(d).
-2
Suppose 0 + 10 = 5*j. Let z(p) be the second derivative of -j*p + 0 - p**2 + 1/3*p**3. What is z(2)?
2
Let b(u) be the first derivative of -u**3/3 - 4*u**2 + 2. Let g(t) = -2*t**2 - 16*t - 1. Let y(f) = 7*b(f) - 4*g(f). Calculate y(-6).
-8
Let a(t) = 2*t + 2*t**2 + t - 21*t**3 + 20*t**3. Give a(-2).
10
Let i(v) = 5*v - 3*v**2 + 2*v**2 - 3 + 0*v. Let m = 14 - 2. Suppose 5*q - 15 = h, -4*h + m = 3*q - 5*q. Calculate i(h).
-3
Let d(o) be the second derivative of o - 1/2*o**5 + 0 - 1/6*o**3 + 1/6*o**4 + 0*o**2. Suppose 5*r - 4 = 1. Give d(r).
-9
Let g(s) = -6*s**2 - s + 1. Suppose 3*q + 2*y + 16 = 0, 11 = -2*q - q - y. Let j be (6/9)/q*-3. Give g(j).
-6
Let i(a) = 4*a**2 - 5*a**2 + 5 + 7 - 21. Let w be (-3)/3 + (-2 - -3). What is i(w)?
-9
Let u(b) be the third derivative of -b**6/120 + b**5/12 - b**4/8 + b**3/3 + 16*b**2. What is u(3)?
11
Let z(r) = -r**2 - 7*r - 11. Let g be z(-5). Let a(c) = 2*c + 1. Determine a(g).
-1
Let b(x) = -x - 2. Let r be b(-4). Suppose -r*j - 13 = 7. Let k(m) = m**2 + 11*m + 10. Let z be k(j). Let h(w) = -w + 5. Give h(z).
5
Let d(r) be the second derivative of -r**6/90 + r**5/60 - r**4/24 - r**3/6 - r. Let x(g) be the second derivative of d(g). Give x(1).
-3
Let w = -14999/120 - -125. Let c(t) be the third derivative of 0 + 1/3*t**3 + 0*t - 1/12*t**4 + 1/30*t**5 + w*t**6 - t**2. Give c(-3).
-1
Let v(s) = 7*s**2 - 8*s - 8. Let n(c) = 6*c**2 - 7*c - 7. Let b(o) = -6*n(o) + 5*v(o). What is b(5)?
-13
Let f(j) = j**2 + 2*j - 1. Let m be f(-3). Let r = m + -4. Let d(u) be the second derivative of u**3/3 + 3*u**2/2 + 2*u. What is d(r)?
-1
Let i be (6/(-5))/(9/(-30)). Suppose -i*l = l - 25. Suppose -7 - 13 = l*t, -y = -t + 1. Let j(x) = -x - 3. Determine j(y).
2
Let j(q) = -q**2 - 9*q - 4. Let d(t) = -4*t**2 - 37*t - 15. Let m be 1/(-2)*(-16)/2. Let a be (-18)/(-4)*m/(-2). Let c(n) = a*j(n) + 2*d(n). Calculate c(-4).
-6
Let t = 11 - 5. Let v(i) = -2*i**2 - 2*i**2 - 2*i**3 + 5 + t*i + i**3. Calculate v(-5).
0
Suppose -5*w - 7 = 4*i - 6*i, 5*w = i - 11. Let s(r) be the second derivative of r**5/20 + 5*r**4/12 + 5*r**3/6 + 5*r**2/2 - r. Calculate s(i).
1
Let u = 9 + -6. Let p = u + -2. Let w(g) = 1. Let c(s) = s + 3. Let b(j) = 2*c(j) - 7*w(j). Calculate b(p).
1
Let q(w) = -3*w - 14. Let o(b) = -b. Let c(y) = 4*o(y) + q(y). Let s(t) = 0 - 2 + 1. Let a(f) = -c(f) + 14*s(f). Give a(1).
7
Let m(c) = c + 13. Let l be m(-11). Let s(g) = g**2 - l*g - 2*g**2 + 0*g - g - 1. Determine s(-2).
1
Let q(h) = -2 - h + h**2 + 2. Let o(t) = 7*t**2 - 7*t + 1. Let m(x) = -o(x) + 6*q(x). Suppose -5*c + 16 = 6. Calculate m(c).
-3
Let l(u) be the third derivative of -u**6/120 - u**5/12 + 7*u**4/24 + 7*u**3/6 + 2*u**2. Determine l(-6).
1
Let h(p) = -p**3 + 7*p**2 + 2*p - 6. Let s = 90 + -83. Calculate h(s).
8
Let n(l) be the second derivative of -l**3/6 + l**2 + l. What is n(-5)?
7
Let v = 37 + -54. Let t = v - -24. Let n(q) = -q + 6. Calculate n(t).
-1
Let d(s) = 4*s + 4. Let k(y) = -3*y - 4. Let a(z) = 2*d(z) + 3*k(z). Let o be (-6)/((-1)/(-3 + 2)). What is a(o)?
2
Let f(l) = -l**3 - 7*l**2 + 7*l - 3. Let o be (-23)/3 + (-1)/(-9)*-3. Determine f(o).
5
Suppose -5*d + d = 0. Suppose -x + d*v - 2 = v, 0 = 4*v. Let o be -1*(2 - 0 - x). Let i(k) = -k**2 - 4*k - 2. Give i(o).
-2
Let s(p) = 2*p - 71 - 3*p + 68. Let r be (6 - 0)*(-3)/(-6). Suppose -1 = r*q + 8. Determine s(q).
0
Let w(d) = 13*d + 0*d**2 - 18*d - d**3 + 8*d**2 - 4. What is w(7)?
10
Let t(c) = 3*c**2 + c. Let o be ((-8)/(-6))/(2/6). Suppose -5*x = -4*n - 14, -3*n + 3 + o = 5*x. Suppose x*w + 10 = -3*w. Give t(w).
10
Suppose 23 = -3*a - 5*x, 3*a + 0 + 17 = x. Let f(i) = i**2 - 9*i + 9. Let s be f(8). Let j(o) = -7*o + 1 + 4*o + 4*o + s. Calculate j(a).
-4
Let w be (4 - -1) + (8 - 7). Let g(q) = -q**2 + 7*q**2 - w*q - q**3 + 5 + 0*q**2. Determine g(5).
0
Let h(s) = s**3 - 5*s**2 + 5. Suppose 2*a = -0*a + 180. Suppose 5*b + a = 5*x, 9*x - 4*b = 4*x + 85. Let c = -8 + x. Calculate h(c).
5
Let k(g) = g - 2. Let h be k(6). Let q(t) = -2 + t - h*t - t**3 + 4*t. Suppose 3*s - 4 = 5*s + 4*j, 3*s + 5*j = -6. What is q(s)?
4
Let x be 1/4 + (-143)/44. Let j(h) = 14*h + 13. Let i(d) = -9*d - 9. Let p(m) = -7*i(m) - 5*j(m). Determine p(x).
19
Let h be 2*(-6)/(-4) + -2. Let o be 12/(h - -1) - 0. Suppose -o = -2*f - 4. Let z(i) = -2*i**2 - 2*i + 1. What is z(f)?
-3
Let h(w) = w + 4 + 0 + 0 + w**2. Let b(r) be the third derivative of -r**5/60 + r**4/6 + 5*r**3/6 - 7*r**2. Let j be b(5). What is h(j)?
4
Suppose 4*u + u - 10 = 0. Let o(n) = u - 5*n - 1 - 4*n. Let d be ((-1)/2)/((-9)/18). Calculate o(d).
-8
Let b be 4/(-1) - -2 - 0. Let d(h) = -h - 5. Let z be d(-8). Let j(g) = 5*g**z - 3*g**2 + 2*g + 2*g**3 - 8*g**3 + 3. Give j(b).
-5
Let h(j) = 4*j - 4 + 5 - 2 - 3*j. Calculate h(6).
5
Let u(q) = -5*q + 3. Suppose i - 10 = -4*k + 9, k = 5*i - 11. Give u(i).
-12
Let p(h) = -